y (18/5)/(14/105).
25
Let j = 34 - 23. Let q be (58/(-5))/((-1)/5). Let w = q + -38. Calculate the remainder when w is divided by j.
9
Suppose 0 = 4*n + 16, -y + 3*n + 16 = -0*y. Let d(m) = m - 4*m + 14 + y*m - 5. What is the remainder when 3 is divided by d(-7)?
1
Let q = 89 + -69. What is the remainder when 36 is divided by q?
16
Let q(z) = z**2 - 1 + 5*z**2 - 7*z - 2. Calculate the remainder when 88 is divided by q(3).
28
Let w(s) = -s**2 + 11*s - 18. What is the remainder when 22 is divided by w(8)?
4
Let v be -2 + (4 - (-1 + 2)). Suppose 0 = -w - v + 5. Suppose -32 = -5*a + 3. Calculate the remainder when a is divided by w.
3
Let x be (-116)/10 + (-12)/(-20). Let j = x - -17. What is the remainder when 3 is divided by (-4)/j*(-15)/10?
0
What is the remainder when 34 is divided by (8/10)/((-2)/(-55))?
12
Suppose -11*d + 14 = -10*d - 2*b, b = -5*d + 26. Suppose -3*r = -r - 8. What is the remainder when d is divided by r?
2
Suppose 2*g + 5*w - 26 = 0, -3*w = 4*g - 37 + 13. Calculate the remainder when 11 is divided by g.
2
Suppose -21 = 2*g - 211. What is the remainder when g is divided by 25?
20
Suppose -f + 4*w = -36, 5*f - f = -w + 127. What is the remainder when f is divided by 11?
10
Suppose 2*w - 5*q + 48 = 5*w, -w + 16 = -2*q. Calculate the remainder when 29 is divided by w.
13
Let n(g) = 3*g - 3*g**2 - 2 - g**3 - 2*g - 5*g. Let u be n(-2). Suppose u*q + 125 = 7*q. Calculate the remainder when 48 is divided by q.
23
Let v(i) = 14*i - 4. Let s be v(4). Suppose 5*g + s = 317. Calculate the remainder when g is divided by 14.
11
Suppose 0 = -3*d + d - 16. Suppose 0 = -r - 1. Let v = r - d. Calculate the remainder when v is divided by 3.
1
Suppose 0 = 4*k - 2 - 70. Let u(z) = -8*z - 1. What is the remainder when u(-9) is divided by k?
17
Let d(r) = r**3 - 14*r**2 + 3*r + 16. What is the remainder when d(14) is divided by 30?
28
Let n(c) = 10*c - 6. Let o be n(5). Let v = o - 29. Suppose 2*l = y - v - 2, -5*l = 25. Calculate the remainder when y is divided by 4.
3
Suppose -5*a + 45 = -0*a. Suppose 184 = 2*r + 2*r. Suppose g + l + r = 4*g, -g + 3*l + 2 = 0. What is the remainder when g is divided by a?
8
Let v(f) = f**2 - 2*f - 3. Let u be v(3). Let z = u - -3. Let w(l) = 3*l - 1. What is the remainder when z is divided by w(1)?
1
Let p be (-3)/(-4) - (-75)/12. Suppose -2*s - 165 = -p*s. What is the remainder when s is divided by 9?
6
Let b = 5 - 3. Suppose -b*h - a = -6, 5*a + 2 = 2*h - 4. Let d(z) = -2*z - 8. What is the remainder when h is divided by d(-5)?
1
Let t = -137 + 156. Let o(a) = 4*a**2 - a. What is the remainder when t is divided by o(-1)?
4
Let j be ((-4)/(-8))/(2/4). What is the remainder when 17 is divided by (j - (2 + -3)) + 8?
7
Suppose 1 = -q + 4*s + 26, -3*s - 40 = -5*q. Calculate the remainder when q is divided by 2.
1
Let d(z) = 78 - 2*z**2 - z + 0*z**2 + z**2. Calculate the remainder when d(0) is divided by 20.
18
Suppose 2 - 9 = k. Let j(i) = i**2 + 6*i + 8. Let w be j(k). Let l = w + 1. Calculate the remainder when 45 is divided by l.
13
Let l(j) = -j**3 - 4*j**2. Let g be l(-4). Suppose 0 = 3*f - g*f + 6, -3 = 5*i + 4*f. What is the remainder when 1 is divided by i?
0
Let a(m) = -m**2 + 4*m + 3. Let i be a(5). Let g be (1/(i/6))/(-1). Suppose 5*y + g*r + 90 = 311, 2*y = r + 84. Calculate the remainder when y is divided by 15.
13
Let d = 46 + -26. Suppose -s + 6*s + d = 0. Let a = s - -6. What is the remainder when 7 is divided by a?
1
Calculate the remainder when 2 is divided by (-12)/(-8)*(-4)/(-6).
0
Suppose -3*p + 101 = 5*i, 2*i - p - 74 = -2*i. What is the remainder when i is divided by 11?
8
Let v be (12/(-18))/(4/78). Let s = -2 - v. Let h = -29 + 49. What is the remainder when h is divided by s?
9
Suppose -210 = -3*d + 5*v, -162 = -2*d - v - 3*v. What is the remainder when d is divided by 26?
23
Suppose 3*x = -27 + 87. Suppose 0 = -4*d - x, -2*j + 2*d - 1 = 5*d. Calculate the remainder when j is divided by 4.
3
Suppose -5 = -2*n + 13. What is the remainder when 33 is divided by n?
6
Let k(c) = c**3 - 6*c**2 - 7*c + 6. What is the remainder when 17 is divided by k(7)?
5
Let u = -34 - -51. Calculate the remainder when 31 is divided by u.
14
Suppose 0*w - 26 = -2*w. Let o = w + -8. What is the remainder when o is divided by 4?
1
Let u(r) = 4*r**2 - 2 + 4*r + 2*r - r**3 + 0. Let t be u(5). Suppose 0*v + t*v = 156. What is the remainder when v is divided by 18?
16
Let y = -4 - -10. Suppose 0*g = -g + y. Suppose -93 = -3*f + g. What is the remainder when f is divided by 17?
16
Let c(i) = -4*i**2 - i**3 - 4 - 4*i**2 - 10*i - 1. Calculate the remainder when 3 - 3/3 - -44 is divided by c(-7).
14
Let r(k) = -k**2 - 6*k + 5. Suppose -4*v + 35 = v. Calculate the remainder when r(-4) is divided by v.
6
Suppose g = 3*u + 3, -g + 4*u + 0 + 2 = 0. What is the remainder when 9 is divided by g?
3
Suppose 0 = -5*d + 40 - 10. Let g be d/2 - 52/(-4). Suppose 3*x - 26 = g. Calculate the remainder when x is divided by 4.
2
Let i = 2 + -2. Suppose i = -4*c - c + 30. Calculate the remainder when (-1)/(-2) - (-57)/c is divided by 4.
2
Calculate the remainder when 4746/91 + (-2)/13 is divided by 14.
10
Let n = 1 + 189. Let t = n - 75. Suppose -5*o = 5*v - t, 50 = 2*v + 5*o - o. Calculate the remainder when v is divided by 11.
10
Let k(w) be the second derivative of -w**3/3 - w. Suppose 4*j - 4*f + 8 = 0, -3*j = 2*f - 6 + 27. Calculate the remainder when 28 is divided by k(j).
8
Let j be 0/(-1 - -3)*1. Let d(i) = i**3 - i**2 - i + 19. Calculate the remainder when d(j) is divided by 10.
9
Let f = 61 + -31. Let x be (-2)/(-3 - 97/(-33)). Suppose 0 = -4*q + 3*q - 2*c + 10, -3*q - 5*c = -x. What is the remainder when f is divided by q?
14
Let x = -97 - -112. Calculate the remainder when x is divided by 3.
0
Suppose -2 = -3*t + 1. Let r be 4*1 - (-1 - t). Calculate the remainder when 47 is divided by (45/r)/(-5)*-8.
11
Suppose p + 6 = 2*i, -2*i + p = -3*p. Let v(r) = -r**2 + r + 7. Let a be v(0). Let t = a - 5. What is the remainder when i is divided by t?
0
Suppose 0 = -q + 5*q + i + 31, q + 5*i - 16 = 0. Let b = 22 + q. Calculate the remainder when b is divided by 8.
5
Let y = -17 + 21. Suppose -t = y*t - 130. Calculate the remainder when t is divided by 14.
12
Suppose -21*u = u - 440. What is the remainder when u is divided by 6?
2
Suppose -9*j + 5 = -139. Calculate the remainder when 57 is divided by j.
9
Let p(a) = -a**3 + 6*a**2 + 13*a + 6. What is the remainder when p(7) is divided by 17?
14
Suppose -170 - 32 = -3*f + 4*o, -2*f + 142 = o. What is the remainder when f is divided by 24?
22
Suppose 0 = -5*w + 55 - 10. Suppose 6*q = q + 80. Calculate the remainder when q is divided by w.
7
Calculate the remainder when (-72)/(-3) + 1 + 0 is divided by ((-2)/4)/(1/(-26)).
12
Suppose -2*q + 22 = -q. Let t(p) = -p**3 + 8*p**2 - 8*p + 7. What is the remainder when t(5) is divided by q?
20
Suppose 13*r = 10*r + 12. Calculate the remainder when 5 is divided by r.
1
Let z(a) = -15*a + 2. What is the remainder when 30 is divided by z(-1)?
13
Suppose 0 = -3*j + 5*a + 79, -4*a - 75 + 19 = -2*j. Calculate the remainder when 33 is divided by j.
15
Suppose -3*r - 6 = 0, 25 = -b + r + 74. Let l = b + -34. What is the remainder when 38 is divided by l?
12
Let l(v) = -v**2 - 4*v - 3. Suppose 3 = 3*j - 3*u, -7*j + 4*u = -2*j - 5. What is the remainder when l(-2) is divided by j?
0
Suppose 17 - 9 = -4*o. What is the remainder when 4 + o + (-2 - -3) is divided by 2?
1
Suppose -5*t + 134 = l, 0 = t + 2*l - 5*l - 14. Calculate the remainder when (2 + 2)*(-25)/(-2) is divided by t.
24
Let y be (0 - 3)/(2/14). Let w = 31 + y. Calculate the remainder when 39 is divided by w.
9
Let y = -3 + -35. Let s = 63 + y. What is the remainder when s is divided by 13?
12
Suppose -3*s = -s - 78. What is the remainder when s is divided by 105/14*16/12?
9
Let y(w) = -w**3 + 5*w**2 + 4. Let i be y(5). Suppose 0 = q - 25 + i. Suppose 6*p - p - 55 = 0. What is the remainder when q is divided by p?
10
Suppose 5*q = 5*z + 180, 4*q - 4*z + 2*z = 144. What is the remainder when q is divided by (1/2)/((-2)/(-52))?
10
Let m(b) = -2*b**3 - b. Calculate the remainder when 33 is divided by m(-2).
15
Suppose 2*u - k - 32 = k, 5*u - 75 = 4*k. Let h(w) = 9*w**2 - 5*w - 16. Calculate the